, 7457
What are the prime factors of 563975?
5, 17, 1327
List the prime factors of 5725236.
2, 3, 11, 3943
List the prime factors of 289079.
7, 61, 677
List the prime factors of 603178.
2, 191, 1579
List the prime factors of 376220.
2, 5, 13, 1447
List the prime factors of 21098.
2, 7, 11, 137
List the prime factors of 101103.
3, 67, 503
List the prime factors of 3078785.
5, 17, 29, 1249
List the prime factors of 1006974.
2, 3, 43, 1301
What are the prime factors of 2503736?
2, 312967
List the prime factors of 455012.
2, 19, 5987
What are the prime factors of 1771997?
19, 93263
What are the prime factors of 15987639?
3, 307, 17359
List the prime factors of 420922.
2, 210461
What are the prime factors of 3615389?
3615389
List the prime factors of 3047964.
2, 3, 17, 67, 223
List the prime factors of 712183.
712183
What are the prime factors of 1489611?
3, 67, 7411
List the prime factors of 1632544.
2, 17, 3001
List the prime factors of 1353298.
2, 676649
List the prime factors of 7444447.
19, 467, 839
List the prime factors of 1065577.
17, 19, 3299
What are the prime factors of 39411651?
3, 13137217
What are the prime factors of 1365865?
5, 17, 16069
List the prime factors of 732089.
19, 53, 727
List the prime factors of 7570979.
13, 23, 25321
List the prime factors of 3364056.
2, 3, 46723
List the prime factors of 7719114.
2, 3, 13, 98963
What are the prime factors of 1769198?
2, 167, 5297
List the prime factors of 317818.
2, 158909
List the prime factors of 163059.
3, 13, 37, 113
What are the prime factors of 8954838?
2, 3, 497491
List the prime factors of 1725979.
19, 90841
List the prime factors of 1111626.
2, 3, 61757
List the prime factors of 4173654.
2, 3, 19, 31, 1181
What are the prime factors of 764021?
764021
What are the prime factors of 2244828?
2, 3, 187069
What are the prime factors of 844729?
353, 2393
List the prime factors of 20788080.
2, 3, 5, 37, 2341
What are the prime factors of 28879?
28879
List the prime factors of 4015594.
2, 11, 349, 523
List the prime factors of 1845683.
7, 5381
What are the prime factors of 16388109?
3, 606967
List the prime factors of 909698.
2, 454849
What are the prime factors of 729574?
2, 283, 1289
List the prime factors of 330218.
2, 7, 103, 229
List the prime factors of 932048.
2, 13, 4481
List the prime factors of 100067.
11, 827
What are the prime factors of 4166584?
2, 41, 12703
List the prime factors of 821515.
5, 43, 3821
List the prime factors of 1229674.
2, 197, 3121
List the prime factors of 47329.
19, 47, 53
What are the prime factors of 3127646?
2, 109, 14347
List the prime factors of 266419.
263, 1013
List the prime factors of 4349988.
2, 3, 120833
What are the prime factors of 795010?
2, 5, 107, 743
List the prime factors of 4769247.
3, 7, 19, 11953
List the prime factors of 501896.
2, 43, 1459
What are the prime factors of 52463?
23, 2281
List the prime factors of 1382727.
3, 37, 12457
What are the prime factors of 2486827?
7, 355261
What are the prime factors of 1944605?
5, 13, 29917
List the prime factors of 1279111.
1279111
What are the prime factors of 584270?
2, 5, 58427
What are the prime factors of 15529395?
3, 5, 7, 131, 1129
What are the prime factors of 4578014?
2, 7, 327001
What are the prime factors of 3414909?
3, 17, 66959
What are the prime factors of 208339?
157, 1327
List the prime factors of 1040492.
2, 269, 967
List the prime factors of 22414357.
7, 19, 127, 1327
List the prime factors of 3915876.
2, 3, 326323
List the prime factors of 13218534.
2, 3, 7, 2141
What are the prime factors of 218047?
218047
List the prime factors of 488489.
557, 877
What are the prime factors of 24198083?
7, 13, 59, 4507
List the prime factors of 1047414.
2, 3, 174569
List the prime factors of 1425444.
2, 3, 118787
What are the prime factors of 2156296?
2, 23, 11719
What are the prime factors of 37165555?
5, 7, 229, 4637
What are the prime factors of 405031?
11, 36821
What are the prime factors of 742537?
742537
List the prime factors of 539971.
17, 23, 1381
What are the prime factors of 3174?
2, 3, 23
What are the prime factors of 51193?
51193
What are the prime factors of 15812144?
2, 179, 5521
What are the prime factors of 797213?
811, 983
What are the prime factors of 2196929?
7, 283, 1109
What are the prime factors of 1603295?
5, 320659
List the prime factors of 3815072.
2, 17, 7013
List the prime factors of 2131122.
2, 3, 7, 50741
List the prime factors of 1582310.
2, 5, 158231
List the prime factors of 3675032.
2, 23, 19973
List the prime factors of 148630.
2, 5, 89, 167
List the prime factors of 5304550.
2, 5, 277, 383
What are the prime factors of 293043?
3, 23, 31, 137
List the prime factors of 3494022.
2, 3, 7, 23, 3617
List the prime factors of 104814.
2, 3, 647
What are the prime factors of 2850378?
2, 3, 271, 1753
List the prime factors of 1568066.
2, 61, 12853
List the prime factors of 1193302.
2, 11, 4931
List the prime factors of 152515.
5, 11, 47, 59
What are the prime factors of 3677010?
2, 3, 5, 23, 73
List the prime factors of 197777.
23, 8599
List the prime factors of 144146.
2, 72073
List the prime factors of 1915114.
2, 957557
List the prime factors of 22853.
22853
What are the prime factors of 2561788?
2, 197, 3251
List the prime factors of 42155255.
5, 8431051
List the prime factors of 9601745.
5, 19, 53, 1907
What are the prime factors of 1275488?
2, 23, 1733
What are the prime factors of 493914?
2, 3, 263, 313
What are the prime factors of 153501?
3, 19, 2693
What are the prime factors of 22347985?
5, 11, 406327
What are the prime factors of 11237561?
17, 173, 3821
List the prime factors of 3206203.
7, 11, 13, 3203
List the prime factors of 1678258.
2, 239, 3511
List the prime factors of 193174.
2, 96587
List the prime factors of 1541247.
3, 513749
List the prime factors of 3361539.
3, 1120513
What are the prime factors of 25930851?
3, 2609, 3313
List the prime factors of 312916.
2, 78229
What are the prime factors of 3167737?
19, 166723
What are the prime factors of 348690?
2, 3, 5, 59, 197
What are the prime factors of 576485?
5, 7, 13, 181
What are the prime factors of 2724342?
2, 3, 31, 97, 151
List the prime factors of 108217.
108217
List the prime factors of 4959748.
2, 83, 14939
List the prime factors of 12591849.
3, 17, 246899
What are the prime factors of 8850303?
3, 7, 11, 43
List the prime factors of 7606406.
2, 3803203
What are the prime factors of 4558936?
2, 19, 89, 337
List the prime factors of 1022787.
3, 23, 61
What are the prime factors of 7854028?
2, 7, 13, 21577
List the prime factors of 272704.
2, 4261
List the prime factors of 121331.
7, 17333
What are the prime factors of 4113286?
2, 17, 311, 389
List the prime factors of 4376946.
2, 3, 7, 23, 197
List the prime factors of 49801.
49801
What are the prime factors of 3067460?
2, 5, 11, 73, 191
List the prime factors of 239913.
3, 19, 23, 61
List the prime factors of 1102647.
3, 7, 13, 577
What are the prime factors of 26418801?
3, 41, 214787
List the prime factors of 1564717.
7, 11, 2903
List the prime factors of 511816.
2, 63977
What are the prime factors of 4300399?
37, 71, 1637
List the prime factors of 1804926.
2, 3, 300821
What are the prime factors of 13987899?
3, 281, 5531
List the prime factors of 147369.
3, 49123
What are the prime factors of 950172?
2, 3, 79181
What are the prime factors of 157572?
2, 3, 1459
List the prime factors of 211021.
17, 12413
What are the prime factors of 1421651?
7, 11, 37, 499
What are the prime factors of 18685423?
18685423
What are the prime factors of 122525?
5, 13, 29
List the prime factors of 2911567.
37, 78691
What are the prime factors of 4466252?
2, 7, 22787
List the prime factors of 29379327.
3, 1069, 9161
List the prime factors of 7256814.
2, 3, 1209469
What are the prime factors of 101468?
2, 25367
List the prime factors of 629459.
17, 61, 607
List the prime factors of 4548708.
2, 3, 29, 4357
What are the prime factors of 773553?
3, 11, 2131
What are the prime factors of 592740?
2, 3, 5, 37, 89
What are the prime factors of 247916?
2, 61979
What are the prime factors of 6013738?
2, 709, 4241
List the prime factors of 226753.
226753
List the prime factors of 172788.
2, 3, 7, 11, 17
List the prime factors of 312725.
5, 7, 1787
What ar